 of g(6).
2, 11
Suppose -5*b + 137 + 178 = 0. List the prime factors of b.
3, 7
List the prime factors of -2 + 2 + -2 - -37.
5, 7
Suppose -81 = -2*j + 21. Let i = j - 30. Suppose -5*c - 4*h + 11 = -i, -h + 3 = 0. List the prime factors of c.
2
Let j = 174 + -3. What are the prime factors of j?
3, 19
Let i = 12 - -16. Let q = i - 15. Let a = q + -2. What are the prime factors of a?
11
What are the prime factors of 2 + 54*(-7)/(-2)?
191
Let h = 146 + -55. List the prime factors of h.
7, 13
Suppose 27 = -5*q - 3. Let v(s) = s**3 + 5*s**2 - 7*s - 2. Let d be v(q). Suppose 2*n = 6*n + d*h - 4, -n = 2*h. What are the prime factors of n?
2
List the prime factors of 1 - (-105 - (4 + -2)) - -3.
3, 37
Suppose 2*i - 27 = i - 3*q, q - 74 = -2*i. Let r = i + -19. List the prime factors of r.
2, 5
Let p be 1/4 - (-11)/4. Let a be (-3)/p*(-1 + -4). Suppose -a*g - 16 = 3*o, -3*g - 8 = 2*o + 1. List the prime factors of o.
3
Suppose 0 = -l + 1, 4*z + 4*l - 821 = -l. What are the prime factors of z?
2, 3, 17
Let d(y) = -y**2 - 2*y - 1. Let q be d(4). Let k = 6 - q. What are the prime factors of k?
31
Suppose -j = 2*j - 48. Suppose -3*f - 6 = 0, 0*f + 2*f = -4*a + j. Let v(l) = l + 4. List the prime factors of v(a).
3
Let w(d) = 5*d**2 + 2*d - 1. Let j be w(1). Suppose -11 - 1 = -4*c. Suppose -2*t = 5*l + 7, -2*l + j = c*t - 0. What are the prime factors of t?
2
Let w be (-216)/(-20) + (-2)/(-10). Suppose 5*k + w = 61. List the prime factors of k.
2, 5
Let x(l) = -4*l**2 + l + 5. Let t(v) = -9*v**2 + 3*v + 10. Let q(f) = 6*t(f) - 13*x(f). Let r be q(5). List the prime factors of 1/2 + r/(-4).
2
Let q(n) = -2*n - 7. Let h be q(-5). Let s be (-2)/h*3/2. Let c(u) = -16*u. List the prime factors of c(s).
2
Suppose 2*h = 6*h - 4. List the prime factors of (8/3)/(h/6).
2
What are the prime factors of (2295/18)/((-3)/(-4))?
2, 5, 17
Let r(b) = -b**2 - 5*b - 1. Suppose 4*a + 12 = -y, a - y + 11 - 3 = 0. Let n be r(a). Suppose -2*u + 1 = -5, n*z - 72 = -4*u. What are the prime factors of z?
2, 5
Suppose 3*o = 4*q - 128, -q - 3*o = -0*o - 32. List the prime factors of q.
2
Let g = 10 + 2. What are the prime factors of g?
2, 3
What are the prime factors of 116 + -1*12/3?
2, 7
Suppose 0*y = 3*y - 9. Suppose -y*p = -3*c - 2*c + 17, -2*c = 4*p - 12. What are the prime factors of (-6)/((5 + p)/(-3))?
3
Suppose -x + 15 = 5*z + 4*x, 5*x + 21 = 4*z. Suppose 4*j - z*b + 6 + 10 = 0, 5*j + 4*b = -29. Let r = j - -11. What are the prime factors of r?
2, 3
Suppose -6*y + 5*y = -4. Suppose -2*l + 6 = -y*p, 9 = 4*l - 5*p - 6. Suppose 5*i = -l*n + 55, -3*n + 3*i + 2 = -1. List the prime factors of n.
2, 3
Let a(d) = -6*d + 4. Let c be a(-6). Suppose 0 = -2*u - u - 24. What are the prime factors of (18/(-10))/(u/c)?
3
Let x = -17 + 14. List the prime factors of (-152)/(-4) + -2 + x.
3, 11
Let r = -3 + 7. Let p(h) be the first derivative of h**4/4 - h**3 - h**2 + 10. List the prime factors of p(r).
2
Suppose 59 = 4*d - 5*o, 4*d - 3*o - 63 = -2*o. What are the prime factors of d?
2
Let u = -14 - -28. List the prime factors of u.
2, 7
Let n = 0 - -18. Let v = -12 + n. Let o = v - 1. List the prime factors of o.
5
Suppose 9*z = -2*d + 4*z + 133, -3*d + 2*z = -171. What are the prime factors of d?
59
Let x = 298 - 177. What are the prime factors of x?
11
Let x be (16/(-6))/(6/(-9)). Suppose -4*y - z - 8 = -3*z, -x*y - 18 = 3*z. List the prime factors of 22/4 + y/(-6).
2, 3
Suppose t + 3 = 6. Suppose -2*i + i + 20 = -5*y, 0 = y + t. List the prime factors of i.
5
Suppose -4*d = -d + 108. Let q be 1/(-1 - 39/d). Let j = 19 - q. What are the prime factors of j?
7
Suppose -4*p + 5*w = -254 - 284, 134 = p - w. What are the prime factors of p?
2, 3, 11
Let d(p) = -p**2 - 22*p - 15. List the prime factors of d(-16).
3
Let i be (-14)/(-4) - 6/(-12). List the prime factors of i + 0 + (6 - 3).
7
Suppose -7*p + 1 - 64 = 0. Let x = 52 - 24. Let u = p + x. List the prime factors of u.
19
Suppose -3*j + 17 = -2*j. Suppose -j = 5*g - 122. What are the prime factors of g?
3, 7
Suppose -p - p = 42. Let g = 39 + p. What are the prime factors of g?
2, 3
Let u be (-1)/((1/(-3))/(-1)). Let z = u + 6. Suppose -3*w + 36 = -3*c, z*c = -w + c - 3. What are the prime factors of w?
7
Suppose -24 = -0*h + 3*h. Let i = h - -7. Let u(n) = -7*n**3 - n - 1. What are the prime factors of u(i)?
7
Let a be 147/(-14)*4/(-6). Suppose -5*y + 2*j = -80, -2*j = -3*y + 41 + a. What are the prime factors of y?
2
Suppose 24 = 4*g + 3*k, 8*k - 3*k = -g + 23. Suppose g*r - r - 18 = 0. What are the prime factors of r?
3
Let j(w) be the third derivative of w**6/120 + 7*w**5/60 - 11*w**4/24 - w**3/2 - w**2. List the prime factors of j(-8).
3, 7
Suppose 6*f - f - 25 = 0. Suppose -3*u - 4*d - 4 = u, 9 = -f*u - d. Let t(x) = 3*x**2 + 2*x + 1. What are the prime factors of t(u)?
3
Let k = 8 + -1. Suppose k*h = 4*h + 6. Suppose h*z + z - w - 29 = 0, 5*w = z - 33. List the prime factors of z.
2
Let l = 23 - -14. List the prime factors of l.
37
Let j be ((-1)/(-3))/((-2)/(-18)). Suppose -h = j*h - 12. Suppose -u - u = -2, g - h = u. What are the prime factors of g?
2
Let z(r) = 21*r - 19. List the prime factors of z(4).
5, 13
Let r = -29 + 40. Suppose 55 = 4*i + r. What are the prime factors of i?
11
Let n be 2/(-6) - 11/3. Let r = 17 + n. List the prime factors of r.
13
Suppose -282 = -4*t + 5*q, t - 4*q - 76 = -0*q. List the prime factors of t.
2, 17
List the prime factors of (38/(-6))/((-7)/21).
19
Suppose 0 = -3*g + 2*c + 3*c + 19, -2*g = -2*c - 10. What are the prime factors of g?
3
Suppose -4*m - 34 = -2. Let p = 10 - m. List the prime factors of p.
2, 3
Let r = 4 + -4. Let z = 3 - r. Suppose z*d = -i + 17 - 3, i = d + 6. List the prime factors of i.
2
Let y(l) = 5*l**3 - 11*l**2 + 4*l - 5. Let d(b) = -6*b**3 + 12*b**2 - 3*b + 4. Let n(k) = 4*d(k) + 5*y(k). Let g = -6 - -12. What are the prime factors of n(g)?
3
What are the prime factors of (-5)/10 + ((-163)/2)/(-1)?
3
Let a(p) = -5*p - 5. Let w be a(-5). What are the prime factors of (56/w)/(2/10)?
2, 7
Suppose -2*o + 0*o = -18. Let i = o - 2. What are the prime factors of i?
7
Let z be -2 + 0 + (6 - 1). Suppose -5*y + 2*y = -9. Let a = z + y. List the prime factors of a.
2, 3
Suppose 36 = -5*w - 29. Let m = 6 + w. Let k = -5 - m. What are the prime factors of k?
2
Let o be (16/6)/((-2)/(-3)). Suppose -g = -10 + o. What are the prime factors of g?
2, 3
Let w be -1 + (5 - (-3)/3). Suppose w - 1 = 2*t. What are the prime factors of t?
2
Let v(a) = 18*a**3 + a**2 - 2*a + 1. What are the prime factors of v(1)?
2, 3
Let w(i) = i**3 + i + 9. Let f be 2/(-2) - 1/(-1). Let p = 0 - f. List the prime factors of w(p).
3
Let t(j) = -2*j**3 - 2*j**2 + 2*j. Let v be t(-2). Suppose 2*n - 30 = -v*u - 0*n, 0 = -5*u + 3*n + 10. List the prime factors of u.
5
Let v = -4 + 4. Let n be v/3*(-3)/(-6). Suppose 0*d + 2*d - 8 = n. List the prime factors of d.
2
Let h(p) = 6*p**2 - 15*p + 12. What are the prime factors of h(6)?
2, 3, 23
Let p(m) be the third derivative of 7*m**4/24 - 3*m**2. List the prime factors of p(1).
7
Let l be -1*(0 + -1) - 1. Suppose 3*z + 4*f - 49 - 43 = 0, 5*z - f - 115 = l. List the prime factors of z.
2, 3
Let u = -69 - -22. Let p = 66 + u. List the prime factors of p.
19
Let f(h) = h**3 - 3*h**2 + h - 1. Let c be f(3). Suppose k - 15 = -c*k. Suppose -3*a - k = -2*i - 2*a, 0 = 3*i + 4*a - 24. List the prime factors of i.
2
Suppose 0 - 15 = -3*g. Suppose -4*c + 188 = g*k, -6*k - 20 = -k. List the prime factors of c.
2, 13
Let l(u) = -2*u**2 + 2. Let h be l(-2). Suppose -2*q - q = 12. List the prime factors of q/h + (-35)/(-15).
3
Let t(q) = -3*q**2 - 16 + q + q**3 - 19*q + 14*q**2. What are the prime factors of t(-12)?
2, 7
Suppose p = -p + t - 1, -2*t = -5*p - 1. What are the prime factors of ((-32)/(-20))/(p/5)?
2
Let l be 4/8 + (-15)/(-2). Let v = 14 + -9. Let f = l - v. What are the prime factors of f?
3
Suppose 5*x + 3*k - 51 = 0, 0 = 5*x - 4*x - 2*k - 18. Suppose -x = l + 3*s, l + l = 2*s + 16. List the prime factors of l.
3
Let j be (-2)/(-4)*(-5 - -5). Let g = j - -2. Suppose 3*q - g*q = 9. List the prime factors of q.
3
Let l(r) = -3*r. Let p(o) = -4*o - 1. Let k(x) = 3*l(x) - 2*p(x). What are the prime factors of k(-4)?
2, 3
Let g(z) = -5*z + 2. Let x be g(2). Suppose -88 